
Let j be 294 - (3 - (-2 - -2)). Suppose 19*h - 1702 + 87 = 0. Let d = j - h. What is the tens digit of d?
0
Let w = -391 + 394. Let f be 190/4*(-42)/(-35). Suppose -f - 576 = -w*j. What is the units digit of j?
1
Let s be 87/(-145) - (-18)/5. Suppose -89 = 3*c - 800. Suppose 3*g - c = 3*i, -s*g - 3*i - 389 = -8*g. What is the tens digit of g?
7
Let q = -343 + 337. What is the units digit of -4*7/168 - 193/q?
2
Let x be -237*(50/(-6) - -6). Suppose -556*c + x*c = -3729. What is the hundreds digit of c?
2
Let u(j) = -j**3 + 6*j**2 + 4*j - 29. Let y be u(4). Let r(l) = -l**3 + 22*l**2 - 27*l + 16. What is the hundreds digit of r(y)?
5
Suppose -15*p = -20*p - 55. Let m(c) = -c**3 - 10*c**2 + 10*c - 7. Let x be m(p). Let s(d) = 2*d**2 - 5*d - 3. What is the units digit of s(x)?
9
Let h be (3/(5 - 2))/(22/15686). Let u = 1153 - h. What is the hundreds digit of u?
4
Let o(x) = x**2 + 32*x + 2. Let m be o(-32). Suppose 5*y = m*f + 153, 9*y - 58 = 7*y + 4*f. What is the units digit of y?
1
Suppose 8*p - 3*p = 29429 + 31231. What is the ten thousands digit of p?
1
Suppose -4*w - 10 - 98 = 0. Let z = 93 - w. What is the tens digit of z?
2
Let d(k) = -k**3 + 9*k**2 + 2*k - 16. Let b be d(9). Let i be b + 75*(-1 + 3). Let f = i + -84. What is the tens digit of f?
6
Let g(l) = -11*l + 1. Let m(d) = -37*d + 53. Let z(b) = 6*g(b) - m(b). Let v(o) = -5*o - 1. Let p be v(2). What is the tens digit of z(p)?
7
What is the tens digit of (-99)/(-792) - 248796/(-32)?
7
Let i(m) = -m - 8. Let h be i(-6). Let t be (6 - 2) + h - 8. What is the units digit of 15 - 4/((-8)/t)?
2
Let g(j) = 25*j**2 - 454*j + 88. What is the thousands digit of g(40)?
1
Let o = 1423 + -821. Let b = 2257 - o. What is the thousands digit of b?
1
Suppose n + 3192 = 37*k - 35*k, -k + 1601 = 2*n. What is the hundreds digit of k?
5
Let d(g) = 115*g**3 + 6*g**2 - g + 3. Let b(u) = -57*u**3 - 3*u**2 - 1. Let m(j) = -7*b(j) - 3*d(j). What is the hundreds digit of m(2)?
4
Let m be (-10)/(-25)*-1 - (-7696)/(-10). Let c = m - -1115. What is the units digit of c?
5
Let n be -2*(21/(-42))/(1/(-264)). What is the tens digit of 3*16/n - 3819/(-11)?
4
Suppose 0 = -14*p - 40*p + 14418. Let j = 474 + p. What is the hundreds digit of j?
7
Let r = 10051 - 5794. What is the tens digit of r?
5
Let q be 121684/(-52) - 1/(-13). Let l = q + 3630. What is the units digit of l?
0
Let r(k) = 11672*k + 388. What is the ten thousands digit of r(1)?
1
Suppose 0 = -48*g + 107523 + 79341. What is the units digit of g?
3
Let f be 174/54 + 12/(-54). Suppose -f*l - 61 + 1348 = 0. What is the units digit of l?
9
Suppose 110*d - 131*d + 485898 = 0. What is the ten thousands digit of d?
2
Suppose 114 = -2*v + 4*q, 82 + 32 = -2*v - 4*q. Let y be (-13)/(-5) - v/(-95). What is the units digit of -4 + y/(-8)*-7*48?
0
Let v(n) = 3*n**3 - 2*n**2 + n. Let p be v(1). Suppose 3*l + 3*s + 7 = 2*l, -16 = -5*l + p*s. What is the units digit of ((-76)/57)/(l/(-51))?
4
Let j(d) = 42*d + 436. What is the tens digit of j(57)?
3
Suppose 47*k - 12 = 44*k. Let r(q) = 13*q**2 + 10*q - 5. What is the units digit of r(k)?
3
Let d = -32 - 2. Let x = d + 34. Suppose -2*t - 5*t + 420 = x. What is the units digit of t?
0
Suppose 3*q - 1293 = -3*k, 0 = -0*q + 3*q - 3*k - 1317. What is the tens digit of q/2 + 159/(-106)?
1
Let k(z) = -22*z**3 + z**2 + z + 1. Let q be k(-1). Suppose 11*i = 6*i + 320. Suppose i = p - 2*g, -p + q = 4*g - 11. What is the tens digit of p?
5
Let z = -9 + 24. Suppose -5*w + 4*w = -z. Suppose -w = -r - 4*r, -3*f - 3*r + 342 = 0. What is the hundreds digit of f?
1
Let n(f) = 56*f**3 - 3*f - 4. Let y be n(3). Suppose -5*k = 2*t - 1899, 2*k = -2*t + 385 + y. What is the tens digit of t?
3
Let v = 55946 + -27222. What is the ten thousands digit of v?
2
Let v = -219 - -630. Suppose -v = 2*s - 55. Let z = s - -251. What is the tens digit of z?
7
What is the thousands digit of (-184086)/(-14) - -8 - 7?
3
What is the tens digit of 44569 + (-176)/132*(2 + -1 - 7)?
7
Let r(g) = 5*g + 24*g + 5*g - 12*g - 24. What is the tens digit of r(5)?
8
Suppose 2*f - 397 = -5*g, -g + f = -6*g + 396. Let l = 81 - g. Suppose -l*u + 105 = -439. What is the units digit of u?
2
Suppose -4*v = 2*a - a - 30, v = -2*a + 32. Let b = 14 - a. Suppose 5*d - 259 + 69 = b. What is the tens digit of d?
3
Let c(y) = y**3 - 19*y**2 - 42*y + 42. Let n be c(21). What is the thousands digit of (-16)/(-10)*34230/n?
1
Suppose -5*z = -6*z - 21. Let y = -4 - z. Suppose 13*u + 280 = y*u. What is the units digit of u?
0
Let u = 522 - 421. Let w be ((-2)/4)/((-2)/756). Let f = w - u. What is the tens digit of f?
8
Let x(u) = 10*u**2 - 251*u - 63. What is the units digit of x(41)?
6
Let f(d) = 212*d**2 - 646*d + 5097. What is the units digit of f(8)?
7
Let i(n) = 56*n**3 + 26*n**2 - 114*n + 4. What is the thousands digit of i(6)?
2
Suppose -5*v - 1263 = -4*n, -331 = -2*n - 4*v + 307. What is the tens digit of n?
1
Let n = 2 + -2. Suppose n = 9*y - 10*y + 8. Let v(l) = -l + 41. What is the units digit of v(y)?
3
Suppose 71*l - 1717913 = -97*l + 3039007. What is the units digit of l?
5
Suppose 31*h - 28*h + 5*u + 603 = 0, 0 = -h - 3*u - 197. Let a = h - -745. What is the hundreds digit of a?
5
Let o = 51 + -46. Suppose -174 = o*m - n - n, -3*m + 4*n = 96. What is the tens digit of (m/(-8) + -2)*16?
4
What is the hundreds digit of 7 + -13 + (-18)/(-3) + 3610?
6
Suppose -40*c + 42*c - 310 = 2*m, -5*m + 4*c = 782. Let n(a) = a**3 + 5*a**2 - 2*a + 2. Let j be n(5). Let x = m + j. What is the tens digit of x?
8
Let s(x) = 11*x - 45. Let z be s(5). Suppose 0 = z*d - 9*d + 262. Let b = 560 + d. What is the units digit of b?
8
Let s be 330/(-14) + (-6)/14. Let k = s + 26. Suppose -171 = -o - c, -3*c + 342 = -k*o + 4*o. What is the tens digit of o?
7
Suppose j - 2 = -0. Let y = 77 - 74. Suppose 53 = -q + j*q + 5*n, y*q - 198 = -2*n. What is the tens digit of q?
6
Let l = 7792 - -7430. What is the hundreds digit of l?
2
Let n = -60 - -65. Suppose 7*j - 3*j + 4*k = 24, 2*k + 44 = n*j. Suppose 2*q + j*o = 3*o + 239, -q + 117 = 2*o. What is the tens digit of q?
0
Let u = 34 + -20. Suppose 4*c - 2*f = u, -4 = 2*f + 2*f. Suppose 5*w = 2*n - 377, w = -c*n - n + 809. What is the hundreds digit of n?
2
Let n = -325 + 348. Suppose 11*m - n*m = -2532. What is the hundreds digit of m?
2
Suppose 20*f - 18*f = -44. Let k be (0 + -4)*f/44. Suppose k*n - 47 = 201. What is the hundreds digit of n?
1
Let a = 21243 - 15013. What is the hundreds digit of a?
2
Let p = 174 - 243. Let x = p + 66. Let h(d) = 15*d**2 - 4*d - 2. What is the units digit of h(x)?
5
Suppose -19172 = -4*d - 2*w, 4*d - w = 9*d - 23974. What is the thousands digit of d?
4
Let v = 183 - 205. Let z(h) = -h**2 - 26*h + 35. What is the units digit of z(v)?
3
Let x = 164 - 322. Let c be x/(-6)*(-2 + 4 + -5). Let o = 3 - c. What is the tens digit of o?
8
Let m be (6/12)/((-2)/(-3540)). Suppose 2*a + 2*d - m = 1571, d + 2468 = 2*a. What is the units digit of a?
2
Let p(a) be the third derivative of a**6/120 + 2*a**5/15 - 13*a**4/24 - 11*a**3 - 50*a**2 - 2*a. What is the units digit of p(-6)?
4
Let i = 722 - 1158. Let m = i - -904. What is the tens digit of m?
6
Let q = 67 - 87. What is the units digit of (-12 + 15 - (1 - -21))*q?
0
Let h(x) = 57*x**3 + x**2 - 2. Let n be h(2). Suppose 7*t - n - 599 = 0. Let u = t + -19. What is the hundreds digit of u?
1
Let z(c) = c**2 - 19*c + 38. Let g be z(16). Let f be ((-32)/g)/((-3)/(-885)). Suppose 2*r + 6*r - f = 0. What is the tens digit of r?
1
Let i be 5 - -10 - ((-6)/2 - -6). Let t(n) = -2*n + 28. Let o be t(i). Suppose 338 = o*f - 146. What is the units digit of f?
1
Suppose -459369 = -67*m + 5209. What is the thousands digit of m?
6
Let v(y) = -55*y**2 - y**3 + 4*y - 55*y**2 + 117*y**2 - 6. Let o be v(8). What is the tens digit of (o/95)/(2/(-660))?
3
Let j be -4*(1 - (-11848)/(-32)). Let x = -807 + j. What is the hundreds digit of x?
6
Let m be -1 + 2 - (10 - 28). Suppose 0 = -m*o + 6050 + 2101. What is the units digit of o?
9
Let u(t) = t**3 - 37*t**2 + 53*t - 439. What is the hundreds digit of u(36)?
1
Let j be (2/4)/(6/(-36)) + 105. Suppose j = g - 60. What is the units digit of g?
2
Suppose -7*u + 2*u = -15, -15 = -2*a - 3*u. Suppose 2*r - 3*l - 1180 = l, 2340 = 4*r - a*l. What is the uni